ne l(8).
-7
Let l(d) = d**3 + 4*d**2 + 11*d + 14. Give l(-5).
-66
Let z(u) = 26*u + 283. Calculate z(-11).
-3
Let g(q) = -q + 10. What is g(7)?
3
Let a(s) = -s**2 - 7*s - 16. Give a(-5).
-6
Let z(h) = -30*h - 98. Determine z(-4).
22
Let h(t) = -6*t + 69. Give h(13).
-9
Let l(h) = -7*h**3 - 3*h**2 - 3*h + 2. Give l(-2).
52
Let o(x) = x**2 + 29*x - 27. Calculate o(-30).
3
Let m(o) = -o**2 + 14*o + 1. Give m(14).
1
Let n(r) = -9*r + 79. Give n(10).
-11
Let y(v) = -7*v + 43. What is y(11)?
-34
Let x(q) = -q**2 + 14*q + 4. Determine x(14).
4
Let k(q) = q**3 - 15*q - 2. Calculate k(-4).
-6
Let t(u) = 48*u + 195. What is t(-6)?
-93
Let o(z) = -z**3 - 16*z**2 - z + 19. Determine o(-16).
35
Let g(s) = -s**3 + 6*s**2 - 6*s + 5. Determine g(4).
13
Let x(o) = -45*o**2. Determine x(1).
-45
Let o(s) = -2*s**2 + 22*s - 59. What is o(6)?
1
Let s(f) = -2*f**3 - 14*f**2 - 5*f - 39. Give s(-7).
-4
Let f(w) = -3*w**2 - 4*w + 34. Determine f(3).
-5
Let y(j) = -12*j. What is y(-1)?
12
Let f(i) = -2*i**2 + 2*i + 2. What is f(-2)?
-10
Let j(t) = -34*t - 83. Calculate j(-3).
19
Let k(w) = w**3 + 26*w**2 - 26*w + 31. Determine k(-27).
4
Let n(x) = x**2 - 11*x - 11. What is n(12)?
1
Let i(l) = 2*l + 18. What is i(-2)?
14
Let c(m) = m**3 + 2*m**2 - 4*m + 1. Determine c(-4).
-15
Let y(j) = -j - 4. Give y(-8).
4
Let c(w) = -w + 7. Determine c(27).
-20
Let t(f) = -12*f**3 - 5*f**2 - 6*f - 2. Determine t(-2).
86
Let v(u) = -3*u**2 - 18*u - 63. Calculate v(-6).
-63
Let h(b) = b**3 - 12*b**2 - 14*b + 7. Give h(13).
-6
Let y(t) = -t**2 - t - 6. Give y(0).
-6
Let q(h) = 6*h + 33. Give q(-7).
-9
Let c(f) = -3*f**2 - 19*f. Calculate c(-6).
6
Let w(k) = 15*k + 115. What is w(-7)?
10
Let x(b) = 2*b**2 - 14. What is x(3)?
4
Let s(f) = -3*f**3 - 3*f**2 + 4*f + 3. Determine s(-2).
7
Let q(f) = f**3 - 8*f**2 + 9*f - 14. Give q(7).
0
Let x(h) = -h**2 - 2*h + 7. Calculate x(3).
-8
Let z(t) = -t**3 - t**2 + 9*t - 12. Give z(-4).
0
Let p(f) = -31*f - 54. Give p(-6).
132
Let o(n) = -n**2 - 8*n - 5. Calculate o(-2).
7
Let z(a) = -3*a + 42. Give z(8).
18
Let o(x) = 2*x**2 - 11*x + 16. Determine o(7).
37
Let x(r) = -9*r**3 - r**2 - r + 1. Give x(-1).
10
Let d(j) = 3*j - 5. Determine d(2).
1
Let l(c) = -c**3 + 25*c**2 + 2*c - 38. Calculate l(25).
12
Let u(i) = -9*i**3 + i**2 + 5*i - 1. Calculate u(2).
-59
Let y(l) = -10*l - 102. What is y(-10)?
-2
Let w(f) = -f**2 - 4*f - 9. Determine w(-6).
-21
Let f(z) = -z**3 + 9*z**2 + 16*z - 3. Give f(11).
-69
Let j(s) = 16*s - 11. Calculate j(0).
-11
Let y(r) = r**2 - 4*r - 4. Calculate y(4).
-4
Let d(w) = 2*w**2 + w + 1. Determine d(-3).
16
Let m(j) = -4*j + 9. Calculate m(8).
-23
Let v(y) = y**3 - 6*y**2 - 10*y + 30. Determine v(7).
9
Let b(u) = u**2 - 12*u - 2. Determine b(10).
-22
Let b(x) = 7*x. What is b(-8)?
-56
Let w(q) = -12*q**2 - 6*q + 3. Give w(-2).
-33
Let z(m) = -m**3 + 2*m**2 + 5*m - 2. What is z(4)?
-14
Let q(v) = -2*v**2 + 5*v + 19. What is q(6)?
-23
Let c(b) = -11*b - 96. What is c(-9)?
3
Let q(s) = s**2 - 11*s - 2. Give q(10).
-12
Let i(m) = m**3 - 10*m**2 + 17*m + 2. Calculate i(8).
10
Let z(n) = n**3 + 14*n**2 + 13*n - 13. Give z(-13).
-13
Let q(z) = -39*z + 196. Give q(5).
1
Let h(o) = -o**3 - 5*o**2 + 4*o + 4. Give h(-3).
-26
Let m(g) = 14*g + 344. Calculate m(-25).
-6
Let y(j) = j**2 - 24*j - 26. What is y(25)?
-1
Let p(d) = -d**3 - 6*d**2 + 6*d + 7. Determine p(-6).
-29
Let u(k) = -k**3 - 7*k**2 + 6*k - 11. Give u(-8).
5
Let v(s) = -2*s + 16. Calculate v(3).
10
Let q(z) = z**3 + 11*z**2 - 16*z - 55. What is q(-12)?
-7
Let z(l) = l**3 - l**2 - 4*l + 1. Give z(4).
33
Let s(j) = 72*j - 505. Determine s(7).
-1
Let c(g) = g**3 - 16*g**2 - 37*g + 8. Calculate c(18).
-10
Let x(j) = j**3 - 5*j**2 + 3*j + 4. What is x(3)?
-5
Let f(i) = -2*i**2 - 29*i - 37. Determine f(-13).
2
Let x(d) = d**3 - 3*d**2 - 4*d + 7. Calculate x(5).
37
Let a(t) = t**2 + 14*t + 4. Give a(-9).
-41
Let y(p) = -2*p**3 - 17*p**2 - 7*p + 8. Give y(-8).
0
Let u(j) = -4*j + 31. Determine u(4).
15
Let f(v) = 46*v**2 + 7*v - 1. Calculate f(-2).
169
Let o(f) = -5*f**2 - 19*f + 20. What is o(-4)?
16
Let p(g) = 3*g**2 - 8*g - 2. Calculate p(4).
14
Let f(x) = -x**3 - x**2 + 5*x + 4. What is f(-3)?
7
Let t(i) = i**3 + 3*i**2 + 7*i. What is t(-3)?
-21
Let o(r) = -2*r + 5. Give o(10).
-15
Let k(y) = y**3 - y**2 + y - 10. Calculate k(0).
-10
Let u(b) = -25*b + 180. Determine u(6).
30
Let a(f) = 9*f**3 - f - 2. Determine a(-1).
-10
Let f(q) = q**2 + 4*q - 1. Determine f(-5).
4
Let k(i) = -i**3 + 15*i**2 + 57*i - 47. Give k(18).
7
Let m(c) = c**3 + 3*c**2 + 2*c - 1. Calculate m(-2).
-1
Let s(m) = 6*m**2 - 4*m - 3. Determine s(-1).
7
Let d(n) = -n + 6. Give d(7).
-1
Let n(l) = -l**3 + 18*l**2 - 16*l - 31. Give n(17).
-14
Let h(o) = 2*o**2 + 13*o - 11. What is h(-10)?
59
Let p(k) = -k + 19. Calculate p(25).
-6
Let p(w) = -w**3 + 7*w**2 + 2*w - 2. Calculate p(7).
12
Let l(r) = r**3 - 13*r**2 - 14*r. Calculate l(14).
0
Let f(b) = b + 3. Give f(-8).
-5
Let q(c) = c**3 - 6*c**2 + 4*c + 3. Calculate q(3).
-12
Let x(a) = -a**2 + 9*a - 20. Determine x(8).
-12
Let d(u) = -8*u + 9. Give d(5).
-31
Let f(v) = 7*v - 111. Calculate f(13).
-20
Let d(n) = -3*n**2 + 9*n + 4. Calculate d(2).
10
Let z(w) = w**3 - 7*w**2 - 17*w - 12. What is z(9)?
-3
Let l(h) = -2*h**2 - 14*h. Determine l(-7).
0
Let z(l) = l**3 - 26*l**2 + 24*l + 51. What is z(25)?
26
Let r(u) = -8*u + 239. What is r(25)?
39
Let p(d) = -2*d**3 + 29*d**2 - 13*d - 20. Give p(14).
-6
Let t(d) = -4*d + 9. Give t(11).
-35
Let y(p) = -4*p**2 + p - 1. Determine y(-1).
-6
Let q(c) = 2*c**3 + c**2 + 4*c + 3. What is q(-2)?
-17
Let f(o) = o**2 + 3*o - 8. What is f(-4)?
-4
Let f(p) = p**2 - 5*p + 2. Calculate f(3).
-4
Let n(l) = -l**3 - 7*l**2 + 8*l + 20. Calculate n(-8).
20
Let l(o) = 4*o**2 - o - 4. What is l(-2)?
14
Let y(w) = -4*w - 10. What is y(-8)?
22
Let i(n) = n**2 - 14*n + 34. Give i(10).
-6
Let b(i) = i**2 + 17*i - 20. What is b(-12)?
-80
Let x(o) = -7*o - 14. Determine x(-6).
28
Let a(w) = w**2 + 16*w + 65. What is a(-9)?
2
Let f(o) = -o - 11. What is f(-3)?
-8
Let t(q) = -q**2 + 8*q + 15. Calculate t(-6).
-69
Let q(w) = -9*w**3 + 2*w**2 - 1. Determine q(-1).
10
Let c(o) = 2*o**3 - 3*o + 3. Determine c(-2).
-7
Let u(v) = -21*v**3 + v**2 + v + 1. Determine u(-1).
22
Let g(c) = -c**3 + 27*c**2 - 173*c + 42. Determine g(17).
-9
Let w(o) = 5*o - 3. Give w(-4).
-23
Let v(o) = 26*o - 153. Calculate v(6).
3
Let g(z) = -z**3 - 10*z**2 + 6*z + 6. What is g(-11)?
61
Let x(k) = k + 23. Calculate x(2).
25
Let v(u) = 2*u + 40. What is v(-22)?
-4
Let h(q) = 2*q**2 - 13*q + 6. Give h(4).
-14
Let l(s) = s + 15. Calculate l(0).
15
Let z(h) = h**3 - 14*h**2 - 13*h - 20. Determine z(15).
10
Let o(d) = d**3 + 5*d**2 - 5*d - 6. Calculate o(-5).
19
Let f(w) = -w**3 + 54. Determine f(0).
54
Let j(p) = p**2 - p - 25. What is j(-5)?
5
Let k(s) = s**3 + 18*s**2 + 18*s + 23. Calculate k(-17).
6
Let r(p) = 2*p**2 - 29*p - 18. Determine r(15).
-3
Let d(y) = -y**3 + 6*y**2 + y - 14. What is d(5)?
16
Let j(h) = -3*h**3 + h**2 + 5*h - 8. What is j(2)?
-18
Let d(h) = 4*h - 11. What is d(-10)?
-51
Let i(s) = -6*s**2 + 1. Determine i(1).
-5
Let t(w) = -8*w**2 - 13*w - 28. What is t(-3)?
-61
Let g(l) = l**2 + 17*l - 17. Calculate g(-16).
-33
Let q(p) = 11*p + 9. Determine q(-3).
-24
Let f(m) = -36*m**3 - 4*m + 3. Calculate f(1).
-37
Let o(h) = h**2 + 20*h - 9. Calculate o(-18).
-45
Let n(q) = 11*q - 8. Calculate n(5).
47
Let a(i) = 5*i. Determine a(1).
5
Let g(p) = 2*p**2 + p - 4. Determine g(-2).
2
Let i(s) = s**2 + 5*s - 71. Give i(6).
-5
Let i(u) = 78*u + 76. Calculate i(-1).
-2
Let y(d) = -21*d**2 - d + 2. Determine y(1).
-20
Let n(v) = 3*v - 9. What is n(-4)?
-21
Let h(f) = -2*f**3 - 46*f**2 + 3*f + 44. Calculate h(-23).
-25
Let o(g) = 2*g - 13. Determine o(6).
-1
Let i(h) = -h**3 - h**2 - h + 12. What is i(0)?
12
Let m(d) = -d**3 + 8*d**2 + 3*d - 2. What is m(9)?
-56
Let v(r) = -r**3 + 3*r**2 - r - 7. Determine v(3).
-10
Let r(y) = y + 6. Determine r(-10).
-4
Let q(p) = -6*p + 101. Determine q(18).
-7
Let m(l) = 24*l**3 + 2*l**2 + l. Calculate m(-1).
-23
Let p(s) = -3*s - 1. What is p(-5)?
14
Let y(h) = h**3 + 8*h**2 + 9*h + 4. What is y(-6)?
22
Let h(a) = -a**3 - 35*a**2 + 35*a - 51. Calculate h(-36).
-15
Let r(p) = p**2 + 16*p - 86. What is r(-22)?
46
Let j(